{"id":188,"date":"2025-08-04T17:45:01","date_gmt":"2025-08-04T15:45:01","guid":{"rendered":"https:\/\/vskatzelsdorf.ac.at\/wordpress\/?page_id=188"},"modified":"2025-08-04T17:45:01","modified_gmt":"2025-08-04T15:45:01","slug":"schul-und-hausordnung","status":"publish","type":"page","link":"https:\/\/vskatzelsdorf.ac.at\/wordpress\/schul-und-hausordnung\/","title":{"rendered":"Schul- und Hausordnung"},"content":{"rendered":"\n<p><strong>Allgemeines<\/strong><\/p>\n\n\n\n<p>Die Ben\u00fctzung des Schulgeb\u00e4udes und der Liegenschaft ist nur zum Zwecke des Schulbetriebes, des Besuches der schulischen Nachmittagsbetreuung und des Musikschulunterrichtes gestattet. Vorsprachen in der Direktion und bei den Lehrkr\u00e4ften sind nur au\u00dferhalb der Unterrichtszeit oder zu vereinbarten Terminen m\u00f6glich. Zutritt ins Schulgeb\u00e4ude f\u00fcr Erziehungsberechtigte bzw. externe Personen ist nur nach Absprache mit der Schulleitung oder dem Lehrpersonal erlaubt. Sonstige Benutzungen brauchen die schriftliche Zustimmung des Schulerhalters \u2013 d.h. der Gemeinde.<\/p>\n\n\n\n<ul class=\"wp-block-list\">\n<li>Der Unterricht beginnt um 7:45 Uhr. Der Einlass in die Schule erfolgt um<br>7:30 Uhr. Ausnahmeregelungen, die Zeit vor 7:30 Uhr betreffend, sind mit dem Schulerhalter zu vereinbaren \u2013 Anmeldung Fr\u00fchaufsicht. Die gesetzliche Aufsichtspflicht der Lehrer\/Innen beginnt 15 Minuten vor dem Unterricht.<\/li>\n<\/ul>\n\n\n\n<ul class=\"wp-block-list\">\n<li>F\u00fcr Sch\u00fcler, die sich vor 7:30 Uhr vor dem Schulhaus aufhalten, liegt, wie auf dem Schulweg, die Verantwortungspflicht bei den Eltern.<\/li>\n<\/ul>\n\n\n\n<ul class=\"wp-block-list\">\n<li>Das Verabschieden und Abholen der Sch\u00fcler und Sch\u00fclerinnen erfolgt ausschlie\u00dflich vor dem Schulgeb\u00e4ude.<\/li>\n<\/ul>\n\n\n\n<ul class=\"wp-block-list\">\n<li>Die Sch\u00fcler erscheinen zeitgerecht und bereiten sich auf den Unterricht vor.<\/li>\n<\/ul>\n\n\n\n<ul class=\"wp-block-list\">\n<li>Stra\u00dfenschuhe und Oberbekleidung werden in den zugewiesenen Garderoben ordentlich abgelegt. Dies gilt auch f\u00fcr den Nachmittag.<br>Das Tra\u00adgen von Hausschuhen ist f\u00fcr alle Sch\u00fcler und Sch\u00fclerinnen verpflichtend.<\/li>\n<\/ul>\n\n\n\n<ul class=\"wp-block-list\">\n<li>Das Fernbleiben ist der Klassenlehrkraft oder der Schulleitung unverz\u00fcglich vom Erziehungsberechtigten zu melden. Entschuldigungen f\u00fcr Turnstunden sind vom Erziehungsberechtigten der Klassenlehrkraft schriftlich mitzuteilen.<\/li>\n<\/ul>\n\n\n\n<ul class=\"wp-block-list\">\n<li>Jede St\u00f6rung des Unterrichts ist zu unterlassen. Die Kinder m\u00fcssen Regeln und Verhaltensvereinbarungen einhalten. Den Anweisungen der Lehrkr\u00e4fte ist unbedingt Folge zu leisten.<\/li>\n<\/ul>\n\n\n\n<ul class=\"wp-block-list\">\n<li>Das Verlassen des Unterrichts darf nur mit Einverst\u00e4ndnis der Lehrkraft erfolgen. Das Schulgeb\u00e4ude darf w\u00e4hrend der Unterrichtszeit von Sch\u00fclern und Sch\u00fclerinnen nur mit Lehrererlaubnis und Einverst\u00e4ndnis der Eltern verlassen werden.<\/li>\n<\/ul>\n\n\n\n<ul class=\"wp-block-list\">\n<li>Die Sch\u00fcler und Sch\u00fclerinnen bringen die notwendigen Unterrichtsmittel mit und halten diese in einem verwendbaren Zustand.<\/li>\n<\/ul>\n\n\n\n<ul class=\"wp-block-list\">\n<li>Die Sch\u00fcler und Sch\u00fclerinnen tragen durch ihr Verhalten und durch ihre Mitarbeit im Unterricht, in der Pause und bei Schulveranstaltungen dazu bei, die Unterrichts- und Gemeinschaftsarbeit zu f\u00f6rdern. (z.B. Projekte)<\/li>\n<\/ul>\n\n\n\n<ul class=\"wp-block-list\">\n<li>Die Sch\u00fcler und Sch\u00fclerinnen verhalten sich in der Gemeinschaft der Klasse sowie in der Begegnung mit Sch\u00fclern anderer Klassen hilfsbereit und h\u00f6flich. Es liegt im Verantwortungsbereich der Sch\u00fcler und Sch\u00fclerinnen verpflichtende Aufgaben zu erf\u00fcllen. (Ordnerdienste, &#8230;)<\/li>\n<\/ul>\n\n\n\n<ul class=\"wp-block-list\">\n<li>Die Sch\u00fcler und Sch\u00fclerinnen nehmen verpflichtend an Schulveranstaltungen und auch freiwillig an schulbezogenen Veranstaltungen teil.<\/li>\n<\/ul>\n\n\n\n<ul class=\"wp-block-list\">\n<li>B\u00fccher aus der Schulbibliothek sind sorgsam zu behandeln und nach 3 Wochen Ausleihzeit zur\u00fcckzugeben.<\/li>\n<\/ul>\n\n\n\n<ul class=\"wp-block-list\">\n<li>Auf Ordnung und Sauberkeit in allen Unterrichtsr\u00e4umen, in der Schulumgebung, im Pausenraum und auf den Toiletten muss geachtet werden.<\/li>\n<\/ul>\n\n\n\n<ul class=\"wp-block-list\">\n<li>Besch\u00e4digungen werden unverz\u00fcglich einer Lehrkraft oder der Schulwartin gemeldet. Bei mutwilligen Besch\u00e4digungen haben die beteiligten Sch\u00fcler und Sch\u00fclerinnen bzw. deren Erziehungsberechtigte die Kosten zu tragen.<\/li>\n<\/ul>\n\n\n\n<ul class=\"wp-block-list\">\n<li>Im Schulgeb\u00e4ude sind unbeaufsichtigtes Laufen und st\u00f6rendes L\u00e4rmen sowie ein Verhalten, das eine Selbst- oder Fremdgef\u00e4hrdung darstellt, nicht gestattet.<\/li>\n<\/ul>\n\n\n\n<ul class=\"wp-block-list\">\n<li>Das Mitnehmen von Geld und Wertgegenst\u00e4nden erfolgt auf eigene Gefahr. F\u00fcr abhanden gekommene Gegenst\u00e4nde leistet die Schule keinen Schadenersatz.<\/li>\n<\/ul>\n\n\n\n<ul class=\"wp-block-list\">\n<li>Fahrr\u00e4der bzw. Scooter usw. k\u00f6nnen nur auf eigene Gefahr bei den Fahrradst\u00e4ndern abgestellt werden. Auf dem gesamten Schulareal sind Rollschuhe, Skateboards und \u00e4hnliche Fahrger\u00e4te strengstens verboten.<\/li>\n<\/ul>\n\n\n\n<ul class=\"wp-block-list\">\n<li>Die Aktivierung von Handys bzw. Smartwatches ist f\u00fcr Sch\u00fcler und Sch\u00fclerinnen in der Unterrichts- und Pausenzeit ohne ausdr\u00fcckliche Erlaubnis durch Lehrpersonen bzw.\u00a0 der Schulleiterin nicht gestattet.<\/li>\n<\/ul>\n\n\n\n<ul class=\"wp-block-list\">\n<li>Die Aufsicht endet mit der Entlassung nach der letzten Unterrichtsstunde.<\/li>\n<\/ul>\n\n\n\n<p><\/p>\n","protected":false},"excerpt":{"rendered":"<p>Allgemeines Die Ben\u00fctzung des Schulgeb\u00e4udes und der Liegenschaft ist nur zum Zwecke des Schulbetriebes, des Besuches der schulischen Nachmittagsbetreuung und des Musikschulunterrichtes gestattet. Vorsprachen in der Direktion und bei den &hellip; <a href=\"https:\/\/vskatzelsdorf.ac.at\/wordpress\/schul-und-hausordnung\/\" class=\"more-link\">Continue reading <span class=\"screen-reader-text\">Schul- und Hausordnung<\/span> <span class=\"meta-nav\">&rarr;<\/span><\/a><\/p>\n","protected":false},"author":2,"featured_media":0,"parent":0,"menu_order":0,"comment_status":"closed","ping_status":"closed","template":"","meta":{"footnotes":""},"class_list":["post-188","page","type-page","status-publish","hentry"],"jetpack_sharing_enabled":true,"_links":{"self":[{"href":"https:\/\/vskatzelsdorf.ac.at\/wordpress\/wp-json\/wp\/v2\/pages\/188","targetHints":{"allow":["GET"]}}],"collection":[{"href":"https:\/\/vskatzelsdorf.ac.at\/wordpress\/wp-json\/wp\/v2\/pages"}],"about":[{"href":"https:\/\/vskatzelsdorf.ac.at\/wordpress\/wp-json\/wp\/v2\/types\/page"}],"author":[{"embeddable":true,"href":"https:\/\/vskatzelsdorf.ac.at\/wordpress\/wp-json\/wp\/v2\/users\/2"}],"replies":[{"embeddable":true,"href":"https:\/\/vskatzelsdorf.ac.at\/wordpress\/wp-json\/wp\/v2\/comments?post=188"}],"version-history":[{"count":1,"href":"https:\/\/vskatzelsdorf.ac.at\/wordpress\/wp-json\/wp\/v2\/pages\/188\/revisions"}],"predecessor-version":[{"id":189,"href":"https:\/\/vskatzelsdorf.ac.at\/wordpress\/wp-json\/wp\/v2\/pages\/188\/revisions\/189"}],"wp:attachment":[{"href":"https:\/\/vskatzelsdorf.ac.at\/wordpress\/wp-json\/wp\/v2\/media?parent=188"}],"curies":[{"name":"wp","href":"https:\/\/api.w.org\/{rel}","templated":true}]}}